 1/12*j**4 + 0 - 2/3*j**3. Determine g(-3).
-10
Let d be (-33)/22*(-16)/6. Let o(f) = f**2 + 0*f**2 - d*f - 4*f**2 - 3. Determine o(-3).
-18
Suppose 5*t + 17 - 2 = -2*g, 4*g = 4*t - 44. Let b = 3 + g. Let a(l) = -l**2 - 7*l - 1. What is a(b)?
-1
Let l(r) = -r**3 - r**2 - r + 2. Let z(a) = a**2 + 17*a + 13. Let c be z(-16). Determine l(c).
23
Let k(t) = -t**2 + t + 16. Let m be k(-3). Suppose -l - m*h + 14 = 4*l, -4*h - 4 = -4*l. Let f(g) = 4*g**2 - 2*g**3 + 0*g**2 + 2*g - 2*g**2. Give f(l).
-4
Suppose 1 + 7 = 4*s. Let q(n) = -2 - 4*n**2 - 2*n**2 - 4*n + 3*n**2 - n**s. What is q(-2)?
-10
Let y be (3/(-24)*18)/(12/(-32)). Let m(d) be the third derivative of -d**4/8 + 3*d**3/2 - d**2. Give m(y).
-9
Let v(i) be the second derivative of i**4/6 - 17*i**3/3 + 11*i**2/2 + 2*i + 693. Determine v(17).
11
Let s(c) be the third derivative of -7*c**5/60 + 2*c**4/3 + 11*c**3/6 - 5*c**2. Let o(p) = 3*p**2 - 8*p - 6. Let q(r) = -5*o(r) - 2*s(r). Calculate q(8).
8
Suppose -4*o = -0*o - 40. Let f be ((-8)/o)/((-18)/45). Let t(a) = -a + a**2 - 2*a**f + 0*a - 4*a. Determine t(-4).
4
Let z(k) = 3*k + 29 + 24 - 70. What is z(8)?
7
Let v(w) be the first derivative of -w - 1/3*w**3 - 9 + 5/2*w**2. Give v(6).
-7
Let y(q) = q**2 - 9. Suppose 3*m - m = 6. Suppose -m*f - f = -0*f. Determine y(f).
-9
Let v(f) = 5*f**3 + 0 - f**2 - 3*f + 8 - 6*f**3 - 10. Determine v(-1).
1
Let z(r) = r**2 - 54*r - 52. Let i be z(55). Let h(u) be the first derivative of u**3/3 - u**2 - u + 2. Let c(s) be the first derivative of h(s). Give c(i).
4
Suppose 0 = 2*k - 4. Let v(d) = 1 - 5 + 4*d + 0*d**k + d**2 + 3. Determine v(-4).
-1
Suppose -6*u + 5*u = -7. Let z(s) = -s - 2. Let w(p) = -40 - 2*p - p + 35. Let y(x) = 3*w(x) - 8*z(x). Determine y(u).
-6
Suppose -2*c + 39 = -5*i, -5*i + 2*c = 3*c + 48. Let t = -6 - i. Suppose -7 - 11 = t*n. Let j(p) = p + 11. What is j(n)?
5
Let w(l) = l**2 - 13*l + 7. Let y be 1 - -1 - 196/(-28). Give w(y).
-29
Let h(z) = 4*z**2. Let g(k) = 4*k - 1. Let v be g(0). Give h(v).
4
Let h be (108/42)/((-1)/7)*1. Let m(x) = -x**3 - 17*x**2 + 19*x + 24. Calculate m(h).
6
Let q(j) = -j + 7. Let z be q(5). Let r(m) be the third derivative of -m**4/6 + m**3/6 - 2*m**2 - 28*m. Determine r(z).
-7
Let t(z) = 4*z**2 + z. Suppose -2*j + 4 = 7*b - 5*b, 2*b = 2*j - 8. Calculate t(b).
3
Suppose -g + 4*d = -23, -2*d = -3 + 13. Let p(t) = 3*t**2 - 2*t**2 - 19102*t + 19098*t. What is p(g)?
-3
Let c(x) = -1 + 5*x**3 + x - x**3 + 2*x**2 - x**2. Suppose -s + 2*p + 1 = -3, 2*p = -4*s + 6. Suppose -5*a + 3 = -s. Calculate c(a).
5
Let u be 68/(-306) + 65/9. Let f(c) = -4 - 5 + c - 3 + 0*c. What is f(u)?
-5
Let k = -3 - -3. Suppose 9 = 3*x - k*x. Let h(w) be the first derivative of -w**4/4 + 4*w**3/3 + w**2/2 - 4*w - 8. Determine h(x).
8
Let s(u) = 2*u + 5. Let w(n) = n**2 + 5*n + 0 + 2*n - 8*n - 10. Let b be w(3). Give s(b).
-3
Let x(f) = -10*f - 6. Let o(b) = 30*b + 14. Let c(u) = 3*o(u) + 8*x(u). What is c(5)?
44
Let z(u) be the second derivative of -u**5/20 - 5*u**4/3 - 13*u**2/2 - 289*u. Give z(-20).
-13
Let d be 2/(-7) - 26/7. Let n(l) = -4*l - 7*l + 12*l - 2*l - 9. Give n(d).
-5
Suppose o - 6*o - 1 = m, 0 = m + 4*o. Let r(n) = n**3 - 1 + 7*n**2 - 5*n**2 + 4*n - 7*n**2. What is r(m)?
-1
Let c(b) = 18*b - 12*b + 5 - 11*b. Calculate c(4).
-15
Let g(r) be the third derivative of r**5/60 - r**4/6 - 2*r**3/3 - 3*r**2 + 29. Give g(4).
-4
Let l(f) = -6*f + 6*f + 21*f + 4*f - 26*f**2 - 51 + 16*f**3 - 17*f**3. Give l(-27).
3
Let l(w) be the second derivative of 1/20*w**5 + 1/6*w**3 + 7*w + 0 + 0*w**4 + 15/2*w**2. Give l(0).
15
Let s = 10 - 5. Let r = -13 - -21. Suppose s*y - y = r. Let o(n) = -3*n**2 + 4*n - 3. Determine o(y).
-7
Let q(v) be the first derivative of -v**4/4 + v**3/3 - v + 201. Calculate q(0).
-1
Let i(s) be the second derivative of -s**3/3 + 3*s**2/2 + 1440*s. Suppose 2*t - 5 = -1. Suppose -2*g = t - 16. Determine i(g).
-11
Let f(y) = 2*y. Let u be f(5). Let x be (12/u)/((-16)/(-40)). Let b(h) = 1 - 1 - 1 - x*h - 2. What is b(-3)?
6
Let l = 646 + -654. Let i(m) = -2*m - 18. Calculate i(l).
-2
Let q = 10 + -10. Suppose -2*g = -5*l + 21, g - 5*g - 2*l + 18 = q. Let a(k) = k - 1. Give a(g).
1
Let s be (-4776)/(-96) + 1/4. Let k(t) = -s*t + 108*t + t**2 - 1 - 54*t. Calculate k(-3).
-4
Let t(a) = 2*a + 4. Suppose 0 = -x - 3*o - 11, 2*x = -12*o + 13*o + 6. Let f(m) = -5*m**3 - 3*m**2 + 1. Let l be f(x). Calculate t(l).
-10
Suppose 0 - 5 = -w. Let z(i) = -21*i**2 - 3. Let j(r) = 11*r**2 + 2. Let x(o) = w*j(o) + 3*z(o). Determine x(1).
-7
Suppose -14*n + 3*n = 0. Let h(f) be the third derivative of 1/24*f**4 + n*f + 0 + 4*f**2 - 5/6*f**3. Determine h(4).
-1
Let a(q) = 5*q - 2. Suppose -10 = 2*g + i, 2*g - 10*i + 7*i = 6. Calculate a(g).
-17
Let d(c) = 0*c + 402*c**3 - c + c**2 - 398*c**3. Let l(b) = -5*b**3 - b**2 + b. Let p(k) = -7*d(k) - 6*l(k). What is p(1)?
2
Let t = -524 - -520. Let r(i) be the third derivative of 1/60*i**5 + 1/6*i**4 + 0*i + 0 + i**2 - 1/2*i**3. Determine r(t).
-3
Let k(c) be the second derivative of -c**5/20 + 7*c**4/12 - 7*c**3/6 + 7*c**2/2 + 118*c. Calculate k(6).
1
Let a(x) = x**3 + x + 5. Let h = -21 - -16. Let w(j) = -2*j**2 - 10*j. Let c be w(h). What is a(c)?
5
Let z(w) be the third derivative of -w**5/30 - w**4/6 - w**3/6 - w**2 + 67*w. What is z(3)?
-31
Let w(y) be the first derivative of -y**3/3 + 11*y**2/2 + 17*y + 342. Determine w(13).
-9
Let m(t) = -16*t + 2. Let w = -454 - -455. Give m(w).
-14
Let o be (0 - -3) + ((-572)/39 - -12). Let g(x) be the first derivative of o*x**3 - 7*x - 5 + 3*x**2. Calculate g(-6).
-7
Let i(j) = -11*j**2 - 11*j + 69. Let b(m) = 7*m**2 + 7*m - 46. Let v(d) = 8*b(d) + 5*i(d). Determine v(0).
-23
Suppose -3*m + 8 = i, 2*i + 7*m - 8*m = 2. Let w(o) = 2 + 18*o**2 - 3 - 19*o**2 + 5*o. Determine w(i).
5
Let k(n) = -3*n**3 + 9*n**2 + 23*n - 22. Let m(d) = 4*d**3 - 10*d**2 - 24*d + 22. Let u(w) = 3*k(w) + 2*m(w). Give u(9).
5
Suppose -2*g = 5*q + 17, 3*g - 4*g - q - 1 = 0. Let d(o) = -11*o**2 + o + 1. Let t(z) = -13*z**2 + 2. Let j(v) = 6*d(v) - 5*t(v). Determine j(g).
4
Let q be (-26)/6 + (-28)/42. Let g(y) = y + 4. Let c(x) = x + 4. Let z(j) = -7*c(j) + 6*g(j). Calculate z(q).
1
Let a(v) = -6*v + 4. Let r(i) = -25*i + 17. Let k(u) = -26*a(u) + 6*r(u). Let w(g) = -g**2 + g - 1. Let z(q) = -k(q) + 2*w(q). Give z(-3).
-6
Let h(z) = -10*z**2 + 5*z + 1. Let i = -3 + 7. Let s = 14 - 13. Let b(q) = -q. Let d(t) = i*b(t) + s*h(t). Give d(-1).
-10
Let w(t) = t**3 + 5*t**2 - 2*t - 4. Let q be w(-5). Let f = 13 - q. Let d(z) = z + 3 - f - 2. Give d(0).
-6
Let y = 68 - 44. Suppose 4*j + y - 4 = 0. Let i(d) = d**3 + 4*d**2 - 2*d + 3. What is i(j)?
-12
Let g(v) = v - 1. Let j(n) = -n**3 - 2*n**2 + n + 3. Let t be j(-2). Let y(o) = -4*o + 4. Let c(u) = t*y(u) + 5*g(u). Determine c(1).
0
Let u(g) = -9*g**3 + 4*g**3 + 4*g**3 - 4 + 5*g**2. Suppose 4*c - 32 = -4*h, -3*h + 5*c = -0*c. Determine u(h).
-4
Let s(k) be the third derivative of 0*k + 0 - 1/120*k**6 + 2/15*k**5 + 1/6*k**3 - 7/24*k**4 + 7*k**2. Let o be (-145)/(-20) + 1/(-4). Determine s(o).
1
Let a(d) be the third derivative of 2*d**5/15 - d**4/12 + d**3/6 + 1829*d**2. Let r = 0 - -1. Calculate a(r).
7
Suppose -16 = -t - 3*g, -5*t + 3*g - 12 = -2*t. Let l = 146 + -144. Let c(d) = -d - 2*d + l*d + t. Calculate c(-3).
4
Let r(n) = -4*n + 4. Suppose 25*v - 70 = -10*v. Calculate r(v).
-4
Let b = 29 - 5. Suppose b = -f - f. Let q be (8/f)/(2/6). Let g(d) = -d**3 - 3*d**2 + d - 1. Give g(q).
-7
Suppose 2*d + 10 = 16. Let u(h) = -h**3 + 2*h**d - 2*h + 3*h + 1 + h - 4*h**2. Determine u(2).
-3
Let z be 914/(-10) + 3 + 10/25. Let t = z + 96. Let b(r) = r**2 - 8*r + 8. What is b(t)?
8
Let y(p) be the first derivative of p**3/3 - p**2 - 4*p - 19. Determine y(4).
4
Let t(x) be the second derivative of -7*x**5/120 - x**3/3 - 23*x**2/2 - 46*x. Let y(o) be the second derivative of t(o). Give y(2).
-14
Let q(z) = z**2 + 15*z + 45. Let h be q(-11). Let l(p) = -6*p + 6*p + p**2. What is l(h)?
1
Let c(k) = k**2 + 17*k - 4. Let x be c(-16). Let w = x + 42. Let i(p) = 22 + w - p - 51. Determine i(-7).
0
Suppose -o = 3*o + 24. Let d(c) be the first derivative of 5*c**3/3 - 23*c**2/2 - 27*c + 6. Let f(u) = u**2 - 6*u - 7. Let t(m) = 2*d(m) - 9*f(m). Give t(o).
-3
Let d(g) be the first derivative of 4*g**